{"id":3222,"date":"2022-12-07T15:57:20","date_gmt":"2022-12-07T15:57:20","guid":{"rendered":"https:\/\/enescil.com.br\/?page_id=3222"},"modified":"2024-12-11T02:14:59","modified_gmt":"2024-12-11T02:14:59","slug":"premios","status":"publish","type":"page","link":"https:\/\/enescil.com.br\/?page_id=3222","title":{"rendered":"Pr\u00eamios"},"content":{"rendered":"<div class=\"wpb-content-wrapper\"><p>[vc_row full_width=&#8221;stretch_row&#8221; el_class=&#8221;about-section about-page&#8221; css=&#8221;.vc_custom_1531366134122{padding-bottom: 40px !important;}&#8221;][vc_column][vc_row_inner][vc_column_inner width=&#8221;1\/2&#8243;][vc_gallery interval=&#8221;3&#8243; images=&#8221;3298,3300,3299,3297&#8243; img_size=&#8221;full&#8221; css=&#8221;&#8221;][vc_column_text css=&#8221;&#8221;]13\u00ba Pr\u00eamio ABCIC &#8211; Obra do Ano 2024[\/vc_column_text][\/vc_column_inner][vc_column_inner width=&#8221;1\/2&#8243;][vc_single_image image=&#8221;3225&#8243; img_size=&#8221;full&#8221; alignment=&#8221;center&#8221; onclick=&#8221;link_image&#8221;][vc_column_text]Jales \/ SP<br \/>\nNovembro \/ 2022[\/vc_column_text][\/vc_column_inner][\/vc_row_inner][\/vc_column][\/vc_row][vc_row full_width=&#8221;stretch_row&#8221; el_class=&#8221;about-section about-page&#8221; css=&#8221;.vc_custom_1531366134122{padding-bottom: 40px !important;}&#8221;][vc_column][vc_row_inner][vc_column_inner width=&#8221;1\/2&#8243;][vc_single_image image=&#8221;3226&#8243; img_size=&#8221;full&#8221; alignment=&#8221;center&#8221; onclick=&#8221;link_image&#8221;][vc_column_text]Obras de Arte Especiais da Duplica\u00e7\u00e3o SP 147 &#8211; Trecho entre KM 88 a 105<br \/>\nABCIC &#8211; Associa\u00e7\u00e3o Brasileira de Constru\u00e7\u00e3o Industrializada de Concreto<br \/>\nNovembro \/ 2018[\/vc_column_text][\/vc_column_inner][vc_column_inner width=&#8221;1\/2&#8243;][vc_single_image image=&#8221;3227&#8243; img_size=&#8221;full&#8221; alignment=&#8221;center&#8221; onclick=&#8221;link_image&#8221;][vc_column_text]Pr\u00eamio Em\u00edlio Baumgart<br \/>\nSetembro \/ 2008[\/vc_column_text][\/vc_column_inner][\/vc_row_inner][\/vc_column][\/vc_row][vc_row full_width=&#8221;stretch_row&#8221; el_class=&#8221;about-section about-page&#8221; css=&#8221;.vc_custom_1531366134122{padding-bottom: 40px !important;}&#8221;][vc_column][vc_row_inner][vc_column_inner width=&#8221;1\/2&#8243;][vc_single_image image=&#8221;3228&#8243; img_size=&#8221;full&#8221; alignment=&#8221;center&#8221; onclick=&#8221;link_image&#8221;][vc_column_text]500 Grandes da Constru\u00e7\u00e3o<br \/>\n2009[\/vc_column_text][\/vc_column_inner][vc_column_inner width=&#8221;1\/2&#8243;][vc_single_image image=&#8221;3229&#8243; img_size=&#8221;full&#8221; alignment=&#8221;center&#8221; onclick=&#8221;link_image&#8221;][vc_column_text]Excel\u00eancia dos Projetos de Vinte Pontes Estaiadas no Brasil<br \/>\nConcrete Show South America<br \/>\n2013[\/vc_column_text][\/vc_column_inner][\/vc_row_inner][\/vc_column][\/vc_row][vc_row full_width=&#8221;stretch_row&#8221; el_class=&#8221;about-section about-page&#8221; css=&#8221;.vc_custom_1531366134122{padding-bottom: 40px !important;}&#8221;][vc_column][vc_row_inner][vc_column_inner width=&#8221;1\/2&#8243;][vc_single_image image=&#8221;3230&#8243; img_size=&#8221;full&#8221; alignment=&#8221;center&#8221; onclick=&#8221;link_image&#8221;][vc_column_text]Ponte Aldeia sobre o Rio Tiet\u00ea<br \/>\nPr\u00eamio Talento Engenharia Estrutural 2013<br \/>\nOutubro \/ 2013[\/vc_column_text][\/vc_column_inner][vc_column_inner width=&#8221;1\/2&#8243;][vc_single_image image=&#8221;3231&#8243; img_size=&#8221;full&#8221; alignment=&#8221;center&#8221; onclick=&#8221;link_image&#8221;][vc_column_text]Ponte Jo\u00e3o Isidoro Fran\u00e7a sobre o Rio Poti<br \/>\nVIII Pr\u00eamio Talento Engenharia Estrutural 2010<br \/>\nOutubro \/ 2010[\/vc_column_text][\/vc_column_inner][\/vc_row_inner][\/vc_column][\/vc_row][vc_row full_width=&#8221;stretch_row&#8221; el_class=&#8221;about-section about-page&#8221; css=&#8221;.vc_custom_1531366134122{padding-bottom: 40px !important;}&#8221;][vc_column][tt_vc_service_shortcode][\/tt_vc_service_shortcode][tt_vc_title_shortcode up_title=&#8221;Outros Pr\u00eamios&#8221;][\/tt_vc_title_shortcode][vc_column_text]Certificado IABSE SYMPOSIUM &#8211; RIO 1999<br \/>\nAgosto \/ 1999<\/p>\n<p>Simp\u00f3sio Internacional sobre Pontes e Grandes Estruturas<br \/>\nABECE (Associa\u00e7\u00e3o Brasileira de Engenharia e Consultoria Estrutural)<br \/>\nMaio \/ 2008<\/p>\n<p>Ponte do Rio Negro &#8211; Manaus &#8211; AM<br \/>\nABECE (Associa\u00e7\u00e3o Brasileira de Engenharia e Consultoria Estrutural)<br \/>\nDezembro \/ 2010<\/p>\n<p>Ponte Estaiada Sobre A Baia da Guanabara<br \/>\nPr\u00eamio Talento Engenharia Estrutural 2014<br \/>\nOutubro \/ 2014<\/p>\n<p>Ponte Anita Garibaldi &#8211; Laguna (SC)<br \/>\nPr\u00eamio Talento Engenharia Estrutural<br \/>\nOutubro \/ 2018<\/p>\n<p>Ponte sobre o Rio Madeira (Dnit)<br \/>\nObra de Engenharia do Ano &#8211; Revista o Empreiteiro<br \/>\nAgosto \/ 2019<\/p>\n<p>Medalha \u201cM\u00e9rito Municipal\u201d Joseense<br \/>\nC\u00e2mara Municipal de S\u00e3o Jos\u00e9 dos Campos<br \/>\nNovembro \/ 2019[\/vc_column_text][\/vc_column][\/vc_row]<\/p>\n<\/div>","protected":false},"excerpt":{"rendered":"<p>[vc_row full_width=&#8221;stretch_row&#8221; el_class=&#8221;about-section about-page&#8221; css=&#8221;.vc_custom_1531366134122{padding-bottom: 40px !important;}&#8221;][vc_column][vc_row_inner][vc_column_inner width=&#8221;1\/2&#8243;][vc_gallery interval=&#8221;3&#8243; images=&#8221;3298,3300,3299,3297&#8243; img_size=&#8221;full&#8221; css=&#8221;&#8221;][vc_column_text css=&#8221;&#8221;]13\u00ba Pr\u00eamio ABCIC &#8211; Obra do Ano 2024[\/vc_column_text][\/vc_column_inner][vc_column_inner width=&#8221;1\/2&#8243;][vc_single_image image=&#8221;3225&#8243; img_size=&#8221;full&#8221; alignment=&#8221;center&#8221; onclick=&#8221;link_image&#8221;][vc_column_text]Jales \/ SP Novembro \/ 2022[\/vc_column_text][\/vc_column_inner][\/vc_row_inner][\/vc_column][\/vc_row][vc_row full_width=&#8221;stretch_row&#8221; el_class=&#8221;about-section about-page&#8221; css=&#8221;.vc_custom_1531366134122{padding-bottom: 40px !important;}&#8221;][vc_column][vc_row_inner][vc_column_inner width=&#8221;1\/2&#8243;][vc_single_image image=&#8221;3226&#8243; img_size=&#8221;full&#8221; alignment=&#8221;center&#8221; onclick=&#8221;link_image&#8221;][vc_column_text]Obras de Arte Especiais da Duplica\u00e7\u00e3o SP 147 &#8211; Trecho entre KM 88 a 105 [&hellip;]<\/p>\n","protected":false},"author":1,"featured_media":0,"parent":0,"menu_order":0,"comment_status":"closed","ping_status":"closed","template":"","meta":{"footnotes":""},"class_list":["post-3222","page","type-page","status-publish","hentry"],"_links":{"self":[{"href":"https:\/\/enescil.com.br\/index.php?rest_route=\/wp\/v2\/pages\/3222","targetHints":{"allow":["GET"]}}],"collection":[{"href":"https:\/\/enescil.com.br\/index.php?rest_route=\/wp\/v2\/pages"}],"about":[{"href":"https:\/\/enescil.com.br\/index.php?rest_route=\/wp\/v2\/types\/page"}],"author":[{"embeddable":true,"href":"https:\/\/enescil.com.br\/index.php?rest_route=\/wp\/v2\/users\/1"}],"replies":[{"embeddable":true,"href":"https:\/\/enescil.com.br\/index.php?rest_route=%2Fwp%2Fv2%2Fcomments&post=3222"}],"version-history":[{"count":9,"href":"https:\/\/enescil.com.br\/index.php?rest_route=\/wp\/v2\/pages\/3222\/revisions"}],"predecessor-version":[{"id":3302,"href":"https:\/\/enescil.com.br\/index.php?rest_route=\/wp\/v2\/pages\/3222\/revisions\/3302"}],"wp:attachment":[{"href":"https:\/\/enescil.com.br\/index.php?rest_route=%2Fwp%2Fv2%2Fmedia&parent=3222"}],"curies":[{"name":"wp","href":"https:\/\/api.w.org\/{rel}","templated":true}]}}

Prêmios

<div class="wpb-content-wrapper"><p>[vc_row full_width=&#8221;stretch_row&#8221; el_class=&#8221;about-section about-page&#8221; css=&#8221;.vc_custom_1531366134122{padding-bottom: 40px !important;}&#8221;][vc_column][vc_row_inner][vc_column_inner width=&#8221;1/2&#8243;][vc_gallery interval=&#8221;3&#8243; images=&#8221;3298,3300,3299,3297&#8243; img_size=&#8221;full&#8221; css=&#8221;&#8221;][vc_column_text css=&#8221;&#8221;]13º Prêmio ABCIC &#8211; Obra do Ano 2024[/vc_column_text][/vc_column_inner][vc_column_inner width=&#8221;1/2&#8243;][vc_single_image image=&#8221;3225&#8243; img_size=&#8221;full&#8221; alignment=&#8221;center&#8221; onclick=&#8221;link_image&#8221;][vc_column_text]Jales / SP<br />
Novembro / 2022[/vc_column_text][/vc_column_inner][/vc_row_inner][/vc_column][/vc_row][vc_row full_width=&#8221;stretch_row&#8221; el_class=&#8221;about-section about-page&#8221; css=&#8221;.vc_custom_1531366134122{padding-bottom: 40px !important;}&#8221;][vc_column][vc_row_inner][vc_column_inner width=&#8221;1/2&#8243;][vc_single_image image=&#8221;3226&#8243; img_size=&#8221;full&#8221; alignment=&#8221;center&#8221; onclick=&#8221;link_image&#8221;][vc_column_text]Obras de Arte Especiais da Duplicação SP 147 &#8211; Trecho entre KM 88 a 105<br />
ABCIC &#8211; Associação Brasileira de Construção Industrializada de Concreto<br />
Novembro / 2018[/vc_column_text][/vc_column_inner][vc_column_inner width=&#8221;1/2&#8243;][vc_single_image image=&#8221;3227&#8243; img_size=&#8221;full&#8221; alignment=&#8221;center&#8221; onclick=&#8221;link_image&#8221;][vc_column_text]Prêmio Emílio Baumgart<br />
Setembro / 2008[/vc_column_text][/vc_column_inner][/vc_row_inner][/vc_column][/vc_row][vc_row full_width=&#8221;stretch_row&#8221; el_class=&#8221;about-section about-page&#8221; css=&#8221;.vc_custom_1531366134122{padding-bottom: 40px !important;}&#8221;][vc_column][vc_row_inner][vc_column_inner width=&#8221;1/2&#8243;][vc_single_image image=&#8221;3228&#8243; img_size=&#8221;full&#8221; alignment=&#8221;center&#8221; onclick=&#8221;link_image&#8221;][vc_column_text]500 Grandes da Construção<br />
2009[/vc_column_text][/vc_column_inner][vc_column_inner width=&#8221;1/2&#8243;][vc_single_image image=&#8221;3229&#8243; img_size=&#8221;full&#8221; alignment=&#8221;center&#8221; onclick=&#8221;link_image&#8221;][vc_column_text]Excelência dos Projetos de Vinte Pontes Estaiadas no Brasil<br />
Concrete Show South America<br />
2013[/vc_column_text][/vc_column_inner][/vc_row_inner][/vc_column][/vc_row][vc_row full_width=&#8221;stretch_row&#8221; el_class=&#8221;about-section about-page&#8221; css=&#8221;.vc_custom_1531366134122{padding-bottom: 40px !important;}&#8221;][vc_column][vc_row_inner][vc_column_inner width=&#8221;1/2&#8243;][vc_single_image image=&#8221;3230&#8243; img_size=&#8221;full&#8221; alignment=&#8221;center&#8221; onclick=&#8221;link_image&#8221;][vc_column_text]Ponte Aldeia sobre o Rio Tietê<br />
Prêmio Talento Engenharia Estrutural 2013<br />
Outubro / 2013[/vc_column_text][/vc_column_inner][vc_column_inner width=&#8221;1/2&#8243;][vc_single_image image=&#8221;3231&#8243; img_size=&#8221;full&#8221; alignment=&#8221;center&#8221; onclick=&#8221;link_image&#8221;][vc_column_text]Ponte João Isidoro França sobre o Rio Poti<br />
VIII Prêmio Talento Engenharia Estrutural 2010<br />
Outubro / 2010[/vc_column_text][/vc_column_inner][/vc_row_inner][/vc_column][/vc_row][vc_row full_width=&#8221;stretch_row&#8221; el_class=&#8221;about-section about-page&#8221; css=&#8221;.vc_custom_1531366134122{padding-bottom: 40px !important;}&#8221;][vc_column][tt_vc_service_shortcode][/tt_vc_service_shortcode][tt_vc_title_shortcode up_title=&#8221;Outros Prêmios&#8221;][/tt_vc_title_shortcode][vc_column_text]Certificado IABSE SYMPOSIUM &#8211; RIO 1999<br />
Agosto / 1999</p>
<p>Simpósio Internacional sobre Pontes e Grandes Estruturas<br />
ABECE (Associação Brasileira de Engenharia e Consultoria Estrutural)<br />
Maio / 2008</p>
<p>Ponte do Rio Negro &#8211; Manaus &#8211; AM<br />
ABECE (Associação Brasileira de Engenharia e Consultoria Estrutural)<br />
Dezembro / 2010</p>
<p>Ponte Estaiada Sobre A Baia da Guanabara<br />
Prêmio Talento Engenharia Estrutural 2014<br />
Outubro / 2014</p>
<p>Ponte Anita Garibaldi &#8211; Laguna (SC)<br />
Prêmio Talento Engenharia Estrutural<br />
Outubro / 2018</p>
<p>Ponte sobre o Rio Madeira (Dnit)<br />
Obra de Engenharia do Ano &#8211; Revista o Empreiteiro<br />
Agosto / 2019</p>
<p>Medalha “Mérito Municipal” Joseense<br />
Câmara Municipal de São José dos Campos<br />
Novembro / 2019[/vc_column_text][/vc_column][/vc_row]</p>
</div>

<p>[vc_row full_width=&#8221;stretch_row&#8221; el_class=&#8221;about-section about-page&#8221; css=&#8221;.vc_custom_1531366134122{padding-bottom: 40px !important;}&#8221;][vc_column][vc_row_inner][vc_column_inner width=&#8221;1/2&#8243;][vc_gallery interval=&#8221;3&#8243; images=&#8221;3298,3300,3299,3297&#8243; img_size=&#8221;full&#8221; css=&#8221;&#8221;][vc_column_text css=&#8221;&#8221;]13º Prêmio ABCIC &#8211; Obra do Ano 2024[/vc_column_text][/vc_column_inner][vc_column_inner width=&#8221;1/2&#8243;][vc_single_image image=&#8221;3225&#8243; img_size=&#8221;full&#8221; alignment=&#8221;center&#8221; onclick=&#8221;link_image&#8221;][vc_column_text]Jales / SP Novembro / 2022[/vc_column_text][/vc_column_inner][/vc_row_inner][/vc_column][/vc_row][vc_row full_width=&#8221;stretch_row&#8221; el_class=&#8221;about-section about-page&#8221; css=&#8221;.vc_custom_1531366134122{padding-bottom: 40px !important;}&#8221;][vc_column][vc_row_inner][vc_column_inner width=&#8221;1/2&#8243;][vc_single_image image=&#8221;3226&#8243; img_size=&#8221;full&#8221; alignment=&#8221;center&#8221; onclick=&#8221;link_image&#8221;][vc_column_text]Obras de Arte Especiais da Duplicação SP 147 &#8211; Trecho entre KM 88 a 105 [&hellip;]</p>
