{"id":3182,"date":"2022-04-28T13:15:17","date_gmt":"2022-04-28T13:15:17","guid":{"rendered":"https:\/\/enescil.com.br\/?page_id=3182"},"modified":"2022-04-28T13:24:40","modified_gmt":"2022-04-28T13:24:40","slug":"palestras","status":"publish","type":"page","link":"https:\/\/enescil.com.br\/?page_id=3182","title":{"rendered":"Palestras"},"content":{"rendered":"<div class=\"wpb-content-wrapper\"><p>[vc_row][vc_column][vc_empty_space height=&#8221;62px&#8221;][vc_column_text]<strong>Debate: Liga\u00e7\u00e3o Seca Santos Guaruj\u00e1 teria mais vantagens com ponte<\/strong><\/p>\n<p>Palestra com o engenheiro Cat\u00e3o Ribeiro, diretor executivo da Enescil Engenharia de Projetos, comentando sobre as vantagens da ponte em rela\u00e7\u00e3o\u00a0ao t\u00fanel na travessia Santos Guaruj\u00e1[\/vc_column_text][\/vc_column][\/vc_row][vc_row][vc_column][vc_raw_html]JTNDaWZyYW1lJTIwc3JjJTNEJTIyaHR0cHMlM0ElMkYlMkZwbGF5ZXIudmltZW8uY29tJTJGdmlkZW8lMkY0MTU1OTcyNiUzRmglM0Q1MTA5NTQzZmIwJTIyJTIwd2lkdGglM0QlMjI2NDAlMjIlMjBoZWlnaHQlM0QlMjI0MjQlMjIlMjBmcmFtZWJvcmRlciUzRCUyMjAlMjIlMjBhbGxvdyUzRCUyMmF1dG9wbGF5JTNCJTIwZnVsbHNjcmVlbiUzQiUyMHBpY3R1cmUtaW4tcGljdHVyZSUyMiUyMGFsbG93ZnVsbHNjcmVlbiUzRSUzQyUyRmlmcmFtZSUzRSUwQQ==[\/vc_raw_html][vc_empty_space height=&#8221;62px&#8221;][vc_column_text]<strong>Debate: Travessia Seca Santos Guaruj\u00e1\u00a0<\/strong><\/p>\n<p>Entrevista feita com o engenheiro Cat\u00e3o Ribeiro diretor executivo da Enescil Engenharia de Projetos, falando sobre as vantagens da travessia seca Santos\/Guaruj\u00e1[\/vc_column_text][vc_raw_html]JTNDaWZyYW1lJTIwdGl0bGUlM0QlMjJ2aW1lby1wbGF5ZXIlMjIlMjBzcmMlM0QlMjJodHRwcyUzQSUyRiUyRnBsYXllci52aW1lby5jb20lMkZ2aWRlbyUyRjQxNTY2MTI3JTNGaCUzRGI5N2IxNGZiZDElMjIlMjB3aWR0aCUzRCUyMjY0MCUyMiUyMGhlaWdodCUzRCUyMjQyNCUyMiUyMGZyYW1lYm9yZGVyJTNEJTIyMCUyMiUyMGFsbG93ZnVsbHNjcmVlbiUzRSUzQyUyRmlmcmFtZSUzRQ==[\/vc_raw_html][vc_empty_space height=&#8221;62px&#8221;][vc_column_text]<strong>Debate: Travessia Seca Santos Guaruj\u00e1 &#8211; 2<\/strong><\/p>\n<p>Segunda palestra ministrada pelo engenheiro Cat\u00e3o Francisco\u00a0Ribeiro, diretor executivo da Enescil Engenharia de Projetos Ltda,\u00a0sobre a Travessia Seca Santos Guaruj\u00e1[\/vc_column_text][vc_raw_html]JTNDaWZyYW1lJTIwdGl0bGUlM0QlMjJ2aW1lby1wbGF5ZXIlMjIlMjBzcmMlM0QlMjJodHRwcyUzQSUyRiUyRnBsYXllci52aW1lby5jb20lMkZ2aWRlbyUyRjQxODY2MzUxJTNGaCUzRGM5Mzc4NDQ2MjglMjIlMjB3aWR0aCUzRCUyMjY0MCUyMiUyMGhlaWdodCUzRCUyMjQyNCUyMiUyMGZyYW1lYm9yZGVyJTNEJTIyMCUyMiUyMGFsbG93ZnVsbHNjcmVlbiUzRSUzQyUyRmlmcmFtZSUzRQ==[\/vc_raw_html][vc_empty_space height=&#8221;62px&#8221;][vc_column_text]<strong>Debate: Bridger Brazil 2011<\/strong><\/p>\n<p>Palestra do engenheiro Cat\u00e3o F. Ribeiro, diretor executivo da Enescil\u00a0Engenharia de Projetos, no evento da IQPC em 2011[\/vc_column_text][vc_raw_html]JTNDaWZyYW1lJTIwdGl0bGUlM0QlMjJ2aW1lby1wbGF5ZXIlMjIlMjBzcmMlM0QlMjJodHRwcyUzQSUyRiUyRnBsYXllci52aW1lby5jb20lMkZ2aWRlbyUyRjQxNTY4OTYyJTNGaCUzRGNhNjYxNjRhMDIlMjIlMjB3aWR0aCUzRCUyMjY0MCUyMiUyMGhlaWdodCUzRCUyMjQyNCUyMiUyMGZyYW1lYm9yZGVyJTNEJTIyMCUyMiUyMGFsbG93ZnVsbHNjcmVlbiUzRSUzQyUyRmlmcmFtZSUzRQ==[\/vc_raw_html][\/vc_column][\/vc_row]<\/p>\n<\/div>","protected":false},"excerpt":{"rendered":"<p>[vc_row][vc_column][vc_empty_space height=&#8221;62px&#8221;][vc_column_text]Debate: Liga\u00e7\u00e3o Seca Santos Guaruj\u00e1 teria mais vantagens com ponte Palestra com o engenheiro Cat\u00e3o Ribeiro, diretor executivo da Enescil Engenharia de Projetos, comentando sobre as vantagens da ponte em rela\u00e7\u00e3o\u00a0ao t\u00fanel na travessia Santos Guaruj\u00e1[\/vc_column_text][\/vc_column][\/vc_row][vc_row][vc_column][vc_raw_html]JTNDaWZyYW1lJTIwc3JjJTNEJTIyaHR0cHMlM0ElMkYlMkZwbGF5ZXIudmltZW8uY29tJTJGdmlkZW8lMkY0MTU1OTcyNiUzRmglM0Q1MTA5NTQzZmIwJTIyJTIwd2lkdGglM0QlMjI2NDAlMjIlMjBoZWlnaHQlM0QlMjI0MjQlMjIlMjBmcmFtZWJvcmRlciUzRCUyMjAlMjIlMjBhbGxvdyUzRCUyMmF1dG9wbGF5JTNCJTIwZnVsbHNjcmVlbiUzQiUyMHBpY3R1cmUtaW4tcGljdHVyZSUyMiUyMGFsbG93ZnVsbHNjcmVlbiUzRSUzQyUyRmlmcmFtZSUzRSUwQQ==[\/vc_raw_html][vc_empty_space height=&#8221;62px&#8221;][vc_column_text]Debate: Travessia Seca Santos Guaruj\u00e1\u00a0 Entrevista feita com o engenheiro Cat\u00e3o Ribeiro diretor executivo da Enescil Engenharia de [&hellip;]<\/p>\n","protected":false},"author":1,"featured_media":0,"parent":0,"menu_order":0,"comment_status":"closed","ping_status":"closed","template":"","meta":{"footnotes":""},"class_list":["post-3182","page","type-page","status-publish","hentry"],"_links":{"self":[{"href":"https:\/\/enescil.com.br\/index.php?rest_route=\/wp\/v2\/pages\/3182","targetHints":{"allow":["GET"]}}],"collection":[{"href":"https:\/\/enescil.com.br\/index.php?rest_route=\/wp\/v2\/pages"}],"about":[{"href":"https:\/\/enescil.com.br\/index.php?rest_route=\/wp\/v2\/types\/page"}],"author":[{"embeddable":true,"href":"https:\/\/enescil.com.br\/index.php?rest_route=\/wp\/v2\/users\/1"}],"replies":[{"embeddable":true,"href":"https:\/\/enescil.com.br\/index.php?rest_route=%2Fwp%2Fv2%2Fcomments&post=3182"}],"version-history":[{"count":2,"href":"https:\/\/enescil.com.br\/index.php?rest_route=\/wp\/v2\/pages\/3182\/revisions"}],"predecessor-version":[{"id":3185,"href":"https:\/\/enescil.com.br\/index.php?rest_route=\/wp\/v2\/pages\/3182\/revisions\/3185"}],"wp:attachment":[{"href":"https:\/\/enescil.com.br\/index.php?rest_route=%2Fwp%2Fv2%2Fmedia&parent=3182"}],"curies":[{"name":"wp","href":"https:\/\/api.w.org\/{rel}","templated":true}]}}